s - 16 = -4*z. Suppose 0 = 4*w - 2*r - 18, 4*w = -s*w - 5*r - 17. What is the highest common factor of w and 4?
2
Let z be (-15)/(-4) - 9/12. Suppose -k = -5*a + 27, 0 = 2*k - 0*a - 3*a + 19. Let q be (4/k)/(815/165 - 5). What is the greatest common divisor of z and q?
3
Let k = 28 - 20. Let d(m) = -28*m - 148. Let y be d(-6). Calculate the highest common factor of k and y.
4
Let y = -9 - -15. Suppose 5*v - y = 9. Let z be 8*-3*(-2)/v. What is the greatest common factor of z and 64?
16
Let l = -18 + 21. Suppose -l*r + 7*r = 68. What is the greatest common factor of 136 and r?
17
Suppose 55 = b + 2*g, 0 = -2*b - 2*g + g + 116. Calculate the highest common divisor of 59 and b.
59
Let n be 30/(-8)*(-416)/(9 - 5). Calculate the highest common factor of n and 13.
13
Suppose 67*d = 2459 + 9199. What is the greatest common factor of 145 and d?
29
Suppose 13*o + 1584 = 24*o. Calculate the highest common factor of 117 and o.
9
Suppose 0 = -4*g + 8*g - 36. Suppose 92 = 5*b - g*b. Let j = 32 + b. What is the highest common factor of j and 1?
1
Suppose -8*d + 24 = 4*d. Let i be (-43 - 1)*9*d/(-3). What is the highest common divisor of 24 and i?
24
Let l(z) = -3*z - 17. Let m(n) = -n**2 + 22*n - 31. Let f be m(21). Let k be l(f). What is the greatest common divisor of 78 and k?
13
Let f be -3 + 31 - (3 + -2). Let h be ((-414)/f)/(2/(-3)). Calculate the highest common divisor of 207 and h.
23
Suppose -3*k = 35 + 13. Let o = -12 - k. Suppose -2*t + o*i + 34 = 3*t, t - 5*i = -10. Calculate the highest common divisor of 2 and t.
2
Suppose 0 = 5*q + h - 6, 0 = -q - h + 3 - 5. Let g = -6 + q. Let u be g/7 - 46/(-7). Calculate the greatest common factor of 66 and u.
6
Suppose -2*q + 4*l + 714 = q, 3*q - 687 = -5*l. Let a = 420 - q. What is the greatest common factor of 62 and a?
62
Let q be 430/7 - (7 - 138/21). Suppose -5*t + q + 299 = 0. Calculate the highest common divisor of 8 and t.
8
Let f(w) = 24*w + 11. Let a(k) = k + 13. Let t be a(-7). Let q be f(t). Let c be q/30 + (-3)/18. What is the highest common divisor of 55 and c?
5
Suppose 4*x - 3 = 13. Suppose x*u - g - 76 = 0, 2*g = -2*u - 2*g + 38. What is the greatest common factor of 95 and u?
19
Let s(t) = -109*t - 48. Let b be s(-1). What is the greatest common divisor of b and 2501?
61
Suppose 55*z = 77*z - 176. Let t be ((-9)/(-6))/(2/64). What is the highest common divisor of t and z?
8
Let v(g) = -g**3 + g**2 + 1368. Let m be v(0). Suppose 0 = w - 0 + 2, m = 5*p + w. Let d = p + -149. What is the highest common factor of d and 50?
25
Let l be (3*(-16)/(-12))/2. Suppose -l*a + 2 + 12 = 0. Calculate the greatest common factor of 7 and a.
7
Let k = 1880 + -1865. What is the highest common divisor of 65 and k?
5
Let g(u) = -u**2 + 12*u + 3. Let o be g(9). Let i(l) = -l**3 + 20*l**2 + 4*l + 10. Let y be i(20). Calculate the highest common divisor of o and y.
30
Let h be (1/2)/(1/8). Let p = -25 + 28. Suppose -p*l + r - 2*r = -79, 0 = -4*r - 20. Calculate the highest common factor of l and h.
4
Let k(r) = 2*r**2 + 5*r + 3. Let a be k(-3). Let f(j) = 5*j + 2. Let g be f(a). Suppose g = 3*b - 52. What is the greatest common divisor of 7 and b?
7
Suppose 3*h + 21 = 30. Suppose -h*l = -l - q - 24, 4*l = q + 46. Calculate the greatest common factor of 121 and l.
11
Suppose 227 + 427 = 3*o. Let c = o + -153. Suppose -b = -9 - 17. Calculate the greatest common factor of c and b.
13
Let x(n) = n**3 + 6*n**2. Let a be x(-6). Suppose a = 3*r - 14 - 13. Suppose r = -4*m + 89. What is the highest common divisor of m and 140?
20
Suppose 0 = n - 27 - 13. Let o = -19 + n. Suppose 5*r - 4*h - 166 = 64, -10 = 2*h. Calculate the greatest common factor of r and o.
21
Suppose -2*f - 2*x + 648 = 0, x + 956 = -f + 4*f. Suppose -7*l = -3*l - f. What is the greatest common divisor of 16 and l?
16
Let u be ((-1)/2)/(3/(10 - 304)). What is the highest common divisor of u and 7?
7
Suppose -25 = 1258*a - 1263*a. What is the highest common divisor of a and 240?
5
Suppose 0 = 8*b - 4*b - 16. Suppose b*k - 64 = -16. Let m be (12/(-5))/(7/(-385)). Calculate the greatest common factor of m and k.
12
Let l = -2 + 16. Let f be 3*(-8)/36*-15. Let b = f - -46. Calculate the greatest common factor of b and l.
14
Suppose -4*z = n - 19, -n + 4*n + 4*z = 17. Let m be (-2 - n) + 42 + -1. Let v be 819/84 + (-2)/(-8). Calculate the highest common factor of v and m.
10
Let a = 8 - 5. Suppose -a*w + 1 = -29. Suppose 0 = 5*v - 0*v - 100. What is the highest common divisor of w and v?
10
Let n(w) = -10*w - 107. Let k be n(-13). Suppose -k*l + 748 = -218. Let v = 14 - 0. What is the greatest common factor of l and v?
14
Let t(n) = n**2 - 8*n + 10. Let s(g) = -3*g**2 + 24*g - 30. Let y(v) = 3*s(v) + 8*t(v). Let q be y(4). What is the greatest common factor of q and 9?
3
Let v = 75 + -76. Let j be -23*(6 + -5)*v. What is the highest common divisor of j and 23?
23
Let u be (-20)/12 + (-17)/(-3). Calculate the greatest common divisor of 76 and u.
4
Suppose 3*x = -3*g - 32 + 95, 3*x - 2*g = 68. What is the greatest common factor of x and 22?
22
Suppose 5*q - 3 = f + 26, -3*q + 4*f + 31 = 0. Suppose 5*a - 97 = 2*c + 269, 345 = 5*a + q*c. What is the highest common divisor of 48 and a?
24
Suppose -a + 147 + 68 = 5*r, -4*r + 5*a + 201 = 0. Calculate the highest common divisor of 396 and r.
44
Let f = -42 + 38. Let s be ((-6)/4)/(3/f). What is the highest common divisor of 2 and s?
2
Suppose 0 = 2*p - 0*p - 2*v - 26, 0 = p + 2*v + 2. Let m(r) = 6*r**2 + 82*r - 20. Let x be m(-14). Calculate the highest common factor of p and x.
8
Let z(g) = g**2 + 15*g - 29. Let t be z(-17). Suppose 3*v + 5*q = 4*v - 34, -4*v - t*q = -186. What is the highest common factor of 44 and v?
44
Let o(v) = v**2 + 30*v + 67. Let c be o(-31). What is the greatest common divisor of c and 56?
14
Let u be ((-10)/(-20))/((-2)/(-8)). Suppose 2 + 2 = -u*k. Let l(o) = -6*o - 3. Let z be l(k). What is the greatest common divisor of 18 and z?
9
Suppose -146*g + 50*g = -3168. What is the greatest common divisor of 869 and g?
11
Let p be 24/144 - (-142)/12. What is the greatest common factor of 3 and p?
3
Suppose -2*m - 10 = -2*w - 0*w, -17 = -w + 5*m. What is the highest common factor of w and 8?
2
Suppose -8*v + 4 = -10*v. Let n be 4 + 110/((-10)/v). Calculate the greatest common divisor of 39 and n.
13
Let a be ((-1)/(-2))/((-10)/700). Let q = 95 - a. Calculate the greatest common factor of q and 10.
10
Let s = -71 - -41. Let r = 6 + 12. Let x be r/1*s/(-9). What is the greatest common divisor of 12 and x?
12
Let t(v) = -17*v - 431. Let x be t(-26). Let a be 0/(-1) - (1 + -265). Suppose -2*p = p - a. Calculate the greatest common factor of x and p.
11
Let g be 2/4 + (-1016)/(-16). Let n be g/24*6/4. Suppose 4*o + 4*h = -h + 37, -n*h = -2*o + 12. What is the greatest common divisor of 40 and o?
8
Let k = -18 + 26. Suppose 4*v + 0 = 4. Let w(d) = 3*d - 2. Let m be w(v). What is the greatest common factor of m and k?
1
Let p(q) = 17 - 3 - 2*q + 32 + 0. Let h be p(21). What is the highest common divisor of 4 and h?
4
Let i(m) = 6*m + 34. Let c be i(-3). Suppose 5*d + 0*g = -5*g - 45, -2*d = -3*g + 23. Let t = d + c. Calculate the greatest common divisor of t and 12.
6
Let q(o) = -o + 4. Let n be q(-10). Suppose n = -4*w + 6*w. Suppose 0 = 2*p + p - 168. Calculate the highest common factor of p and w.
7
Let d(t) = -t**2 + 14*t + 228. Let o be d(0). Calculate the highest common factor of 24 and o.
12
Suppose 0 = 4*k - 28 - 20. Let c(o) = 3*o + 24. Let p be c(0). What is the highest common factor of k and p?
12
Suppose 20*t - 128 = 16*t. Suppose -2*n - t = -5*b, -3 = 2*n - 1. Calculate the greatest common divisor of 6 and b.
6
Let x(k) = -k**2 - 14*k + 4. Let l be x(-11). Let o be 260 + 1 + (-8)/4. What is the greatest common factor of o and l?
37
Let s(m) = -39*m**2 - 3*m - 5. Let g(h) = -13*h**2 - h - 2. Let f(w) = 11*g(w) - 4*s(w). Let o be f(1). What is the highest common factor of o and 132?
12
Suppose 4*o - 3*o = 64. Suppose 0 = v - 3*v + 12. Suppose -v*b + o = 28. What is the greatest common factor of b and 30?
6
Suppose 337 - 1 = 4*q. Suppose -g = 2*n - 10, g - 3*n - 16 = n. What is the greatest common divisor of q and g?
12
Let x = 7 - 2. Suppose -1412 + 1772 = 8*d. Calculate the greatest 